360890.
2, 5, 967, 3967
What are the prime factors of 26245?
5, 29, 181
List the prime factors of 64536.
2, 3, 2689
What are the prime factors of 4493740?
2, 5, 23, 9769
What are the prime factors of 2196442?
2, 1098221
What are the prime factors of 229363?
37, 6199
What are the prime factors of 334980?
2, 3, 5, 1861
What are the prime factors of 9292569?
3, 11, 13, 21661
List the prime factors of 7976317.
7976317
What are the prime factors of 9458587?
9458587
What are the prime factors of 2851696?
2, 178231
What are the prime factors of 466344?
2, 3, 17, 127
List the prime factors of 6469017.
3, 2156339
List the prime factors of 732394.
2, 13, 17, 1657
List the prime factors of 398601.
3, 7, 19, 37
List the prime factors of 353258.
2, 176629
What are the prime factors of 96620?
2, 5, 4831
What are the prime factors of 2148142?
2, 1074071
List the prime factors of 1159823.
7, 223, 743
What are the prime factors of 557357?
61, 9137
What are the prime factors of 1711079?
223, 7673
What are the prime factors of 804648?
2, 3, 13, 2579
What are the prime factors of 93039?
3, 31013
List the prime factors of 209834.
2, 104917
What are the prime factors of 12901158?
2, 3, 716731
What are the prime factors of 3889013?
3889013
What are the prime factors of 18639?
3, 19, 109
What are the prime factors of 91950?
2, 3, 5, 613
List the prime factors of 8101275.
3, 5, 7, 13, 1187
What are the prime factors of 5585040?
2, 3, 5, 7757
List the prime factors of 241113.
3, 179, 449
What are the prime factors of 1383453?
3, 51239
What are the prime factors of 690776?
2, 79, 1093
What are the prime factors of 383680?
2, 5, 11, 109
List the prime factors of 892160.
2, 5, 17, 41
List the prime factors of 734476.
2, 139, 1321
What are the prime factors of 125531?
7, 79, 227
List the prime factors of 1243451.
11, 113041
What are the prime factors of 842452?
2, 13, 17, 953
What are the prime factors of 324925?
5, 41, 317
List the prime factors of 6212915.
5, 457, 2719
List the prime factors of 384137.
13, 2273
What are the prime factors of 960547?
7, 19603
What are the prime factors of 162807?
3, 54269
List the prime factors of 5047133.
7, 13, 37, 1499
What are the prime factors of 252171?
3, 28019
What are the prime factors of 9990537?
3, 3330179
What are the prime factors of 869213?
251, 3463
List the prime factors of 13087058.
2, 337, 19417
List the prime factors of 767563.
61, 12583
List the prime factors of 1412172.
2, 3, 39227
What are the prime factors of 1217406?
2, 3, 19, 59, 181
What are the prime factors of 228931?
19, 12049
What are the prime factors of 5366400?
2, 3, 5, 13, 43
List the prime factors of 29015970.
2, 3, 5, 43, 83, 271
What are the prime factors of 308874?
2, 3, 51479
What are the prime factors of 9754799?
193, 50543
What are the prime factors of 2424627?
3, 89, 1009
List the prime factors of 8517353.
13, 655181
What are the prime factors of 12892723?
12892723
List the prime factors of 22930504.
2, 149, 19237
List the prime factors of 1456757.
29, 191, 263
What are the prime factors of 1865504?
2, 97, 601
List the prime factors of 549839.
549839
List the prime factors of 196324.
2, 49081
List the prime factors of 17324445.
3, 5, 17, 67939
What are the prime factors of 1862865?
3, 5, 13799
What are the prime factors of 206695?
5, 67, 617
What are the prime factors of 658140?
2, 3, 5, 7, 1567
List the prime factors of 9559191.
3, 23, 31, 41, 109
What are the prime factors of 392763?
3, 7, 59, 317
List the prime factors of 7496002.
2, 53, 70717
List the prime factors of 103855.
5, 20771
What are the prime factors of 184019?
11, 16729
List the prime factors of 8728345.
5, 1745669
What are the prime factors of 245523?
3, 223, 367
List the prime factors of 7002625.
5, 7, 53, 151
List the prime factors of 764021.
764021
What are the prime factors of 215075?
5, 7, 1229
List the prime factors of 3402251.
29, 117319
What are the prime factors of 1385467?
73, 18979
What are the prime factors of 22042728?
2, 3, 306149
What are the prime factors of 3559808?
2, 7, 29, 137
List the prime factors of 8304587.
23, 361069
List the prime factors of 233740.
2, 5, 13, 29, 31
What are the prime factors of 28020128?
2, 875629
List the prime factors of 297264.
2, 3, 11, 563
What are the prime factors of 93730?
2, 5, 7, 13, 103
List the prime factors of 4168256.
2, 65129
List the prime factors of 1089637.
71, 103, 149
List the prime factors of 21942471.
3, 373, 19609
What are the prime factors of 5397030?
2, 3, 5, 2221
List the prime factors of 427243.
427243
What are the prime factors of 3307195?
5, 661439
What are the prime factors of 380946?
2, 3, 173, 367
What are the prime factors of 357524?
2, 89381
List the prime factors of 6302714.
2, 11, 286487
List the prime factors of 1682467.
797, 2111
List the prime factors of 1800032.
2, 13, 4327
List the prime factors of 1054536.
2, 3, 7, 6277
List the prime factors of 375516.
2, 3, 19, 61
What are the prime factors of 472077?
3, 52453
List the prime factors of 10239176.
2, 19, 31, 41, 53
List the prime factors of 140293.
239, 587
What are the prime factors of 49365?
3, 5, 1097
List the prime factors of 128109.
3, 42703
What are the prime factors of 37062?
2, 3, 29, 71
What are the prime factors of 4834344?
2, 3, 157, 1283
What are the prime factors of 2698377?
3, 11, 81769
What are the prime factors of 13723458?
2, 3, 7, 193, 1693
What are the prime factors of 210837?
3, 11, 6389
What are the prime factors of 799614?
2, 3, 31, 1433
What are the prime factors of 322969?
322969
List the prime factors of 175891.
175891
What are the prime factors of 314902?
2, 7, 83, 271
What are the prime factors of 5247001?
5247001
List the prime factors of 844061.
844061
What are the prime factors of 4470958?
2, 73, 113, 271
What are the prime factors of 718503?
3, 37, 6473
List the prime factors of 869088.
2, 3, 11, 823
List the prime factors of 260055.
3, 5, 5779
What are the prime factors of 10837784?
2, 23, 58901
What are the prime factors of 4865555?
5, 137, 7103
List the prime factors of 1338299.
1338299
List the prime factors of 1211811.
3, 17, 23761
What are the prime factors of 441334?
2, 220667
List the prime factors of 1065878.
2, 11, 48449
What are the prime factors of 1478937?
3, 492979
What are the prime factors of 4206312?
2, 3, 11, 47, 113
List the prime factors of 906795.
3, 5, 2239
What are the prime factors of 21242441?
11, 797, 2423
What are the prime factors of 460416?
2, 3, 11, 109
List the prime factors of 358998.
2, 3, 59833
List the prime factors of 762078.
2, 3, 157, 809
What are the prime factors of 278164?
2, 197, 353
List the prime factors of 10883267.
10883267
What are the prime factors of 1449288?
2, 3, 20129
List the prime factors of 6688792.
2, 11, 29, 2621
List the prime factors of 10444882.
2, 7, 271, 2753
List the prime factors of 27951233.
23, 1215271
List the prime factors of 11304121.
131, 86291
What are the prime factors of 126389?
211, 599
List the prime factors of 14455203.
3, 7, 181, 3803
What are the prime factors of 247640?
2, 5, 41, 151
What are the prime factors of 32870?
2, 5, 19, 173
List the prime factors of 460055.
5, 101, 911
What are the prime factors of 495250?
2, 5, 7, 283
What are the prime factors of 1423230?
2, 3, 5, 47441
List the prime factors of 1717248.
2, 3, 13, 43
What are the prime factors of 256571?
7, 36653
What are the prime factors of 64330?
2, 5, 7, 919
List the prime factors of 7204218.
2, 3, 7, 171529
List the prime factors of 176413.
176413
List the prime factors of 1143094.
2, 31, 103, 179
What are the prime factors of 4758975?
3, 5, 13, 1627
List the prime factors of 21724378.
2, 13, 835553
What are the prime factors of 8405128?
2, 29, 36229
List the prime factors of 6223685.
5, 13, 23, 181
List the prime factors of 89841.
3, 29947
List the prime factors of 4339259.
43, 100913
What are the prime factors of 712141?
379, 1879
What are the prime factors of 318158?
2, 159079
What are the prime factors of 1156232?
2, 7, 11, 1877
List the prime factors of 27898.
2, 13, 29, 37
What are the prime factors of 294394?
2, 147197
What are the prime factors of 18825543?
3, 11, 59, 293
List the prime factors of 42203.
7, 6029
List the prime factors of 1417390.
2, 5, 13, 109